-110100 + 101?
-101111
In base 10, what is -600 + -21?
-621
In base 7, what is -25 - 101?
-126
In base 3, what is -12 - 1112100?
-1112112
In base 5, what is 43 - -3234?
3332
In base 11, what is -248 + 0?
-248
In base 3, what is 220 - 202?
11
In base 12, what is -5 + a9?
a4
In base 5, what is -11210 + 40?
-11120
In base 14, what is 2 - 4c?
-4a
In base 4, what is 1 + -1023?
-1022
In base 6, what is 1 - 102?
-101
In base 8, what is 156 + -12?
144
In base 10, what is 554 - 3?
551
In base 6, what is 400 + -2?
354
In base 10, what is -1 + -33?
-34
In base 6, what is 4033 - -23?
4100
In base 2, what is -111 - 11110?
-100101
In base 11, what is -5 - -16?
11
In base 13, what is 0 - 40?
-40
In base 10, what is -2 - -201?
199
In base 8, what is -4444 + 1?
-4443
In base 4, what is -31 - -2?
-23
In base 4, what is 13011 + -2?
13003
In base 16, what is 2fa - -4?
2fe
In base 13, what is -1b2 - 3?
-1b5
In base 14, what is 7 + 1c?
25
In base 3, what is -11 + 121?
110
In base 11, what is -18 + -4?
-21
In base 13, what is -1c4 - 5?
-1c9
In base 9, what is 11 + -258?
-247
In base 2, what is 100 + 11111101?
100000001
In base 9, what is -6 - -6?
0
In base 13, what is 29 - 2a?
-1
In base 12, what is -5 + -10?
-15
In base 2, what is 10110101 - 11?
10110010
In base 11, what is -1 - 48?
-49
In base 9, what is 3 - -133?
136
In base 2, what is -110 - 11101?
-100011
In base 16, what is -181 - -f?
-172
In base 13, what is 1 + -20b?
-20a
In base 2, what is 10111 + -1000?
1111
In base 9, what is 1146 - -10?
1156
In base 7, what is 2 - 263?
-261
In base 4, what is 202323 - 0?
202323
In base 8, what is -11 - -1?
-10
In base 6, what is 5 - -300?
305
In base 15, what is -2 + 89?
87
In base 2, what is -1100101001 - -100?
-1100100101
In base 2, what is -10100 - -1001100101?
1001010001
In base 4, what is -2 - -1013?
1011
In base 15, what is 4 - 68?
-64
In base 15, what is -175 - -c?
-168
In base 13, what is 8 + -66?
-5b
In base 9, what is -6161 - 4?
-6165
In base 16, what is 1 - 117?
-116
In base 7, what is 31162 - 2?
31160
In base 10, what is -63 - 46?
-109
In base 12, what is 1b + -b?
10
In base 12, what is 10b7 - -4?
10bb
In base 5, what is -10 + 11431?
11421
In base 8, what is -11 - -310?
277
In base 11, what is 0 + 456?
456
In base 7, what is -100 - 40?
-140
In base 5, what is -4 + -44?
-103
In base 14, what is 5 - -ca6?
cab
In base 3, what is -1021 + 2?
-1012
In base 13, what is 23 - -3?
26
In base 3, what is 1201 - -10?
1211
In base 15, what is 8a - -7?
92
In base 15, what is 5 + 1007?
100c
In base 15, what is cd74 - -2?
cd76
In base 12, what is 1 - b0?
-ab
In base 10, what is -171 - -3?
-168
In base 9, what is -47 - -4?
-43
In base 11, what is 4 + -426?
-422
In base 14, what is 0 - 23?
-23
In base 7, what is -46 - -41?
-5
In base 2, what is -1010110100110110 - 11?
-1010110100111001
In base 16, what is 1 + 1c1?
1c2
In base 6, what is 5 + 140?
145
In base 7, what is 4 + 13?
20
In base 6, what is -320 + -32?
-352
In base 6, what is 442 - -50?
532
In base 4, what is 10 + 30?
100
In base 3, what is -202010 - -12?
-201221
In base 13, what is -73 - -8?
-68
In base 9, what is 2 - 100?
-87
In base 4, what is 3 + 322?
331
In base 6, what is 21243 - 1?
21242
In base 14, what is 2516 - 1?
2515
In base 6, what is 35 - -13?
52
In base 5, what is 310 + -10?
300
In base 15, what is 6b3 + 3?
6b6
In base 15, what is 4 + 65?
69
In base 13, what is 16 + -4?
12
In base 7, what is 463 - 1?
462
In base 10, what is 13 + -237?
-224
In base 12, what is a0 + -2?
9a
In base 2, what is -100001100 + -100?
-100010000
In base 10, what is -3 - 845?
-848
In base 13, what is 20 + 5?
25
In base 2, what is 1101000110 - -1?
1101000111
In base 13, what is 3 + 5?
8
In base 13, what is 82 - -12?
94
In base 12, what is 5a + 4?
62
In base 7, what is 134 + 2?
136
In base 7, what is -224 + 6?
-215
In base 3, what is -10 + -2001?
-2011
In base 15, what is -e + -36?
-45
In base 4, what is 310 - 10?
300
In base 7, what is 41 - 31?
10
In base 5, what is -3 + 104142?
104134
In base 14, what is b - -c?
19
In base 14, what is 8 - -148c?
1496
In base 5, what is 3310 - 11?
3244
In base 5, what is -11 + 1441?
1430
In base 12, what is 18 + -46?
-2a
In base 5, what is -3 + -22402?
-22410
In base 7, what is -2361 - 3?
-2364
In base 3, what is 1102 + -102?
1000
In base 16, what is -dda - -5?
-dd5
In base 3, what is 0 - 10002210?
-10002210
In base 7, what is -5 + -35?
-43
In base 7, what is -14 + 65?
51
In base 2, what is 100100100 - -11?
100100111
In base 5, what is 4 - -10?
14
In base 14, what is -28 + -b?
-35
In base 4, what is 10 - -1130031?
1130101
In base 15, what is 5 - -56?
5b
In base 7, what is -215 - -43?
-142
In base 12, what is -815 - -4?
-811
In base 16, what is 1dc - -1?
1dd
In base 12, what is -68 - -5?
-63
In base 10, what is 2 - -3356?
3358
In base 14, what is -561 + 3?
-55c
In base 7, what is -2 - -4030?
4025
In base 2, what is 101100 - 11100000?
-10110100
In base 3, what is 10 + 21202?
21212
In base 12, what is -8 - 221?
-229
In base 11, what is 2 + 451?
453
In base 10, what is -4 + -101?
-105
In base 13, what is -20 + 2?
-1b
In base 12, what is 2 + -14?
-12
In base 5, what is -11 + 204?
143
In base 4, what is 1133 - -3?
1202
In base 2, what is 1001010 + -1?
1001001
In base 13, what is -6576 - 0?
-6576
In base 6, what is 322 + -5?
313
In base 13, what is -3 + -262?
-265
In base 5, what is -2 - -3022?
3020
In base 6, what is 5 - -1042?
1051
In base 4, what is -11 + -300?
-311
In base 10, what is -234 + -4?
-238
In base 6, what is 5 - 441?
-432
In base 2, what is 1110100100 + 11?
1110100111
In base 2, what is -11000 + 0?
-11000
In base 15, what is 1 - -334?
335
In base 8, what is 3 + -1456?
-1453
In base 8, what is -20635 - 3?
-20640
In base 5, what is 3134243 - 4?
3134234
In base 5, what is -1413 - 103?
-2021
In base 2, what is 101 + 1100101?
1101010
In base 12, what is -43 - 57?
-9a
In base 8, what is 32 - -273?
325
In base 9, what is -45 - 5?
-51
In base 4, what is 201332 + 2?
202000
In base 5, what is -2204 - 1?
-2210
In base 14, what is 95 + -4?
91
In base 11, what is -189 + 4?
-185
In base 6, what is -3 + -23?
-30
In base 5, what is 32 - -3?
40
In base 6, what is 104 - 0?
104
In base 9, what is -764 - -1?
-763
In base 3, what is -22100120 - -1?
-22100112
In base 2, what is -111010 + 110011?
-111
In base 9, what is -125 + 4?
-121
In base 2, what is 10001 + -100?
1101
In base 11, what is 1 + -790?
-78a
In base 15, what is 319 - 4?
315
In base 10, what is -972 - 1?
-973
In base 10, what is 56 - -18?
74
In base 3, what is 200101 + -1?
200100
In base 2, what is 111 - 11?
100
In base 13, what is -1 + 1ba?
1b9
In base 11, what is -3 + -299?
-2a1
In base 4, what is 13 + -233?
-220
In base 15, what is -47 + -138?
-180
In base 13, what is -171 - 0?
-171
In base 7, what is -3 - 64?
-100
In base 16, what is -36b - -3?
-368
In base 2, what is 10000101 - -1?
10000110
In base 5, what is 2 + 14420?
14422
In base 9, what is 5 + -2311?
-2305
In base 15, what is 1 - -26?
27
In base 7, what is -4 - 452?
-456
In base 4, what is -33 + -131?
-230
In base 15, what is 1 + 44?
45
In base 16, what is 0 - 10d?
-10d
In base 14, what is -4 + -7?
-b
In base 6, what is -1150 + -2?
-1152
In base 11, what is -1 + -309?
-30a
In base 14, what is 2 + 1a4?
1a6
In base 5, what is 11 + 21332?
21343
In base 16, what is -5 + -7a?
-7f
In base 14, what is -3 + 6c?
69
In base 9, what is 220 + 4?
224
In base 2, what is -1 + 1110100010?
1110100001
In base 12, what is -8a - 5?
-93
In base 15, what is -a - -12?
7
In base 2, what is -1100 - 111010110?
-111100010
In base 6, what is 144 - 2?
142
In base 5, what is -31 - 21?
-102
In base 12, what is -18 + -41a?
-436
In base 12, what is 427 + -34?
3b3
In base 3, what is 1101 - 20?
1011
In base 13, what is 10 + a4?
b4
In base 6, what is 3 - 520?
-513
In base 16, what is 7fe - -4?
802
In base 14, what is -116 - 4?
-11a
In base 6, what is -1 + -12115?
-12120
In base 5, what is -40441 - 1?
-40442
In base 5, what is -11 - -33?
22
In base 13, what is 5 + -57c?
-577
In base 15, what is -5 - -22?
1c
In base 15, what is -1a - -17?
-3
In base 15, what is -21 + 10a?
d9
In base 2, what is 101110 - 10?
101100
In base 11, what is -11 + -17?
-28
In base 12, what is -44 - -18?
-28
In base 10, what is 201 - 139?
62
In base 6